r when 18 is divided by r?
4
Suppose -15*h + 19 = -14*h. Calculate the remainder when h is divided by 7.
5
Suppose -3*f - c - 31 = -158, 4*f = 3*c + 191. Calculate the remainder when f is divided by 12.
8
Let n(w) = -w**2 - 5*w + 38. Calculate the remainder when 47 is divided by n(-7).
23
Let f(z) = -3*z - 9. Suppose 3*q + 21 = 2*k, 5*q + 0*k = k - 42. What is the remainder when 52 is divided by f(q)?
16
Suppose -8 = 4*i + 8. Let b = i + 4. Suppose f = -b*f + 5. Calculate the remainder when 8 is divided by f.
3
Let s(v) = -2*v**2 - 19*v - 11. What is the remainder when 51 is divided by s(-8)?
12
Calculate the remainder when 20 is divided by (-1 + 0 - -12)*1.
9
Let v = -2 - -2. Calculate the remainder when (v + 2)*1 + 32 is divided by 18.
16
Let s be (-2 - -1)*-1*-3. Let j = s + 24. Calculate the remainder when j is divided by 8.
5
Let m = -17 - -58. Suppose 4*c - m = 3. What is the remainder when 34 + 0/2 + -2 is divided by c?
10
Let d = 72 - 46. Let n(z) = 4*z**2 - z + 8. What is the remainder when n(-4) is divided by d?
24
Suppose 0 = 3*r + 2*r - 5. Calculate the remainder when 12 is divided by 5 + (0 - -2)/r.
5
Let v(k) = -k**2 - 7*k + 1. Let i be v(-7). Suppose -5*o + 30 = y, -6 = 4*o - 5*y - i. Suppose 8 = q - 0. Calculate the remainder when q is divided by o.
3
Let f = 7 + -4. What is the remainder when ((-36)/27)/(2/(-9)) is divided by f?
0
Let s(h) = -h**3 - 11*h**2 - 17*h + 15. Suppose 5*x - 87 = 2*x. Calculate the remainder when x is divided by s(-9).
5
Suppose -3*r - 4*s + 34 = 0, -10 = -2*r - 3*s + 12. Calculate the remainder when 25 is divided by r.
11
Suppose 3*m = 3*u, 2*u = -m + 5*m - 4. Calculate the remainder when (-2)/(-6) - m/(-3) is divided by 1.
0
Let l be (15/(-6))/(3/(-6)). Suppose 5*p + 2*a - 40 = 0, 0 = -p + 3*a - 4 - l. Calculate the remainder when 3*1*10/3 is divided by p.
4
Calculate the remainder when (-6 - -9)/((-1 + 2)/18) is divided by 19.
16
Let u = -4 + 9. What is the remainder when (-3)/((-18)/28)*3 is divided by u?
4
Let u = 68 - 39. Let c = u - 18. Let w = -1 + c. What is the remainder when 19 is divided by w?
9
Let x be (-6)/(-33) + (-42)/(-11). Suppose -2*y = -2*p - 20, x*p = y - 3 + 2. What is the remainder when 37 is divided by y?
11
Suppose 126 = 5*i - 1149. Calculate the remainder when i is divided by 43.
40
Suppose -4*g + 8*g + 4*h = 40, 5*h = 5*g. What is the remainder when 25 is divided by g?
0
Suppose 2*a + 70 = 5*a + 4*u, 5*a + 2*u = 140. Suppose 0 = -3*b + 2*b + 57. What is the remainder when b is divided by a?
27
Let p be ((-38)/(-8))/((-11)/44). Let b = p - -33. What is the remainder when 27 is divided by b?
13
Let c(f) = -f**3 - 2*f**2 - 2*f - 2. Suppose 0 = y + 2*d + 3, -14 = 3*y - 2*d + 3. Let l(j) = -j. Calculate the remainder when l(y) is divided by c(-2).
1
Suppose -5*p - 68 = -258. Calculate the remainder when p is divided by 10.
8
Let r be (-9)/(-6)*16/(-6). Suppose -b - 3 = -10. What is the remainder when b is divided by (-6)/(-3) - r - 2?
3
Let a(b) = -b**3 - 9*b**2 - b + 5. Let p be a(-5). Let r be ((-4)/(-3))/(2/p). What is the remainder when (r/(-3))/(-1 - -2) is divided by 11?
9
Let n be -2*((-9)/(-6) - 2). Suppose 2*t + d = n, t + 4*d + 2 = 3*d. What is the remainder when 6 is divided by t?
0
Suppose -4*q + 9 + 11 = 0. Suppose q*o - 86 - 59 = 0. Calculate the remainder when o is divided by (-15)/(-2)*(-1 + 3).
14
Suppose 33 + 9 = 2*v. Calculate the remainder when 61 is divided by v.
19
Suppose 3*h = -4*c - 0*h + 233, 4*h - 68 = -c. Let p(l) = l + 25. Calculate the remainder when c is divided by p(-6).
18
Suppose 3*f + 0*f - 42 = -3*m, -2*f + 55 = 5*m. Suppose 2*z - 4 = -2. Suppose -c + 25 = -z. What is the remainder when c is divided by m?
8
Let a be 640/24 - (-1)/3. Let o = a + -8. What is the remainder when 55 is divided by o?
17
Suppose 8*m - 32 = 6*m. Suppose 3*v - 2 = 2*n, 0*n + 5 = n. Suppose -v = q - 50. Calculate the remainder when q is divided by m.
14
Let t(g) = -32*g + 3. Suppose -q = 4 - 13. What is the remainder when t(-1) is divided by q?
8
Let l = 23 - 16. Let r(m) = 2*m - 9. What is the remainder when 19 is divided by r(l)?
4
Let y(t) = 2*t**2 - t + 2. Suppose 4*o - 2*i = 0, o - 5*i + 0*i = 18. Suppose 46 = 3*c - c. Calculate the remainder when c is divided by y(o).
11
Calculate the remainder when (-1)/3 + 102/9 is divided by 3.
2
Let p be (-4)/((-16)/6)*10. Suppose 2*r - 2*o - 16 = 0, -2*r + p = 3*o - 4*o. What is the remainder when r is divided by 2?
1
Suppose -2*u + 3*u = 14. What is the remainder when 16/(-24) + 50/3 is divided by 7*1 + u/7?
7
Let v(q) = 26*q - 6. Let g(c) = -c + 1. Let y(f) = -5*g(f) - v(f). What is the remainder when y(-1) is divided by 6?
4
Suppose 91 = -3*p + 103. What is the remainder when p is divided by 4/(-2) - (1 + -6)?
1
Let t(h) = -h**3 + h**2 - h. Let q be t(0). Suppose -d + 24 = -q*d. What is the remainder when 71 is divided by d?
23
Let f(z) = z**3 - 2*z + 1. Calculate the remainder when f(4) is divided by 10.
7
Suppose -3*z = -j - 3, -2*z + 2*j = -j - 2. Calculate the remainder when 29 is divided by 20*z + (-10 - -6).
13
Suppose -4*n + i = -25, -n - 3*i + 10 = 4*n. Let a(z) = -z**3 + 6*z**2 - 2*z - 7. What is the remainder when 29 is divided by a(n)?
5
Calculate the remainder when 25 is divided by 4 - 2 - (1 - (2 - -4)).
4
Suppose 0 = -3*a + 1 + 11. Suppose 4*g - 9 = -5*w + 3, a*w - g - 18 = 0. What is the remainder when -4*9/(-12)*2 is divided by w?
2
Suppose v - 6*v + 3*o + 19 = 0, -4*v - 3*o + 26 = 0. What is the remainder when v is divided by (4/2)/6*9?
2
Let j(i) = 9*i - 31. Calculate the remainder when j(9) is divided by 27.
23
Let k(c) = 4*c**2 - c + 2. Suppose -3*f + f - 10 = 0, 4*b - 2*f - 34 = 0. Calculate the remainder when k(2) is divided by b.
4
Let w = 2 - -1. Suppose -w*y - 3*j + 30 = 0, -4*y + 49 = -0*y - 5*j. Calculate the remainder when y is divided by 4.
3
Let t = -7 + 14. Suppose -t*d + 16 = -3*d. What is the remainder when d is divided by 3?
1
Let x(p) = -p**3 - 12*p**2 - 35*p + 6. What is the remainder when x(-11) is divided by 17?
15
Let f(c) = 2*c - 1. Let u be f(4). Suppose -u*t - 170 = -2*t. What is the remainder when ((-4)/(-8))/((-1)/t) is divided by 9?
8
Let v(x) = 4*x + 137. Suppose 0*f = -2*s - 2*f, 0 = s - f - 6. Suppose -s*i = -0*i - 42. What is the remainder when v(-24) is divided by i?
13
Let n(w) = -w**3 + 3*w**2 + 3. Let j be n(3). Suppose 24 = j*m + m. Let z = m + 0. Calculate the remainder when 10 is divided by z.
4
Suppose 5*p + v + 36 = 6, -4*p - 24 = -v. Let t be (33/p*-2)/1. Suppose 91 = 3*x - t. What is the remainder when x is divided by 12?
10
Let s(b) = b**2 - 11*b + 7. Let c be s(10). Let t = c - -11. Calculate the remainder when t is divided by 6.
2
Suppose 0 = -n + 2*n + 4. Let f = 6 + n. Suppose -2*s + f = -s. What is the remainder when s is divided by 2?
0
Let j = -33 - -35. Calculate the remainder when 5 is divided by j.
1
Suppose 4*t + 37 = 77. What is the remainder when 97 is divided by t?
7
Let r(l) = 2*l**2 - 7*l. Let k = -13 + 19. Let o be r(k). Suppose 2*m - o = -2. Calculate the remainder when m is divided by 5.
4
Let y(o) = -3*o - 11. Calculate the remainder when 50 is divided by y(-8).
11
Let a(p) = -p**3 - 11*p**2 - 11*p - 6. Let g be a(-10). Let s = g + -2. What is the remainder when 3 - (1 + 3*-1) is divided by s?
1
Suppose -4*h = h. Suppose h = p - 6*z + 3*z - 40, 2*z + 110 = 4*p. Suppose -44 = -5*g + 1. What is the remainder when p is divided by g?
7
Let l(a) = -a**3 + 7*a**2 + 7*a + 11. Let p be l(8). Let f = p - -1. What is the remainder when f is divided by 3?
1
Suppose 4*h = 3*h + 2. Suppose -3*x + 257 = h*c, 4*c = -3*x - 0*c + 259. What is the remainder when x is divided by 22?
19
Let f be -2 - (-40)/(2/2). Let h = -18 + f. Suppose -5*p - h = 0, 10 - 53 = -5*y - 3*p. Calculate the remainder when 41 is divided by y.
8
Let h(o) = -o + 7. Let c be h(0). Suppose 3*k - 23 = c. What is the remainder when (-14)/((0 - 1)/2) is divided by k?
8
Suppose -3*m = -4*m + 20. Calculate the remainder when m is divided by 12.
8
Let j be (1/3)/(3/(-27)). Let o = j - -8. Calculate the remainder when o is divided by (-6)/4*8/(-6).
1
Suppose 39 = 3*x + 4*z, 0 = -5*x - z - 2*z + 76. Suppose 3*y + 87 = 2*q, -67 = -3*q - 2*y + 31. What is the remainder when 84/q*(20 + 1) is di